derivative of -p**4/12 - 8*p**3/3 + 25*p**2 - 2*p. Let m(h) = -h**2 + 24*h - 122. Let f be m(6). What is the tens digit of v(f)?
7
Suppose 8757 = 17*p - 848. What is the hundreds digit of p?
5
Let d = 926 - 993. Let w be 1 + -5*(-2 + -20). Let q = w + d. What is the units digit of q?
4
Suppose 4*l - 11766 = r + 15968, -16*r = 5*l - 34633. What is the units digit of l?
3
Let a = 192 + -187. Suppose q - 77 = -l, -5 = 2*l + a. What is the units digit of q?
2
Suppose -12*y - 10*y = 132. What is the tens digit of y/(-21) + 10032/21 - 2?
7
Let s = 4393 + 5995. What is the hundreds digit of s?
3
Suppose -3*m + 2*v = -46, -3*m + 52 = 3*v + v. Let w(l) = -2*l + 28. Let x be w(m). What is the tens digit of ((-12)/30*87)/(x/10)?
8
Suppose -4*r - 3*v + 31 = 0, 25 = -4*v + 9*v. Suppose -4*k - 1240 = -8*y + 7*y, -r*y - 5*k = -4876. What is the units digit of y?
4
Let r(n) be the first derivative of n**4/2 - 11*n**3/3 + 7*n**2 - 101. What is the tens digit of r(6)?
2
Suppose -5*m + 833 = 2*l, 0 = 2*m - 2*l + 62 - 384. Suppose -11*k + m + 374 = 0. What is the tens digit of k?
4
Suppose -20*r - 135186 = -620106. What is the ten thousands digit of r?
2
Suppose -2*x + 9 = -1. Suppose 0*z - 5*n = -2*z + 2437, z + x*n - 1196 = 0. What is the hundreds digit of z?
2
Let l = -77 - -79. Suppose -4*w + 73 = 5*p - 50, 5*w - l*p - 195 = 0. What is the tens digit of w?
3
Let y(v) = 274*v - 2 - 9 - 97*v. What is the hundreds digit of y(2)?
3
Let x(y) = 3*y**3 + y**2 - 5*y + 5. Let d be x(2). Let g(w) = 48*w**2 - 20*w**2 + 7 + 4*w - 3*w - d*w**2. What is the tens digit of g(5)?
3
Let g = 474 + -198. Suppose 0 = -3*m - g + 1584. What is the units digit of m?
6
Let h = 62 + -59. Suppose -5*n = h*n - 40. Suppose x + 645 = 4*o, n*x - 625 = -4*o + 2*x. What is the hundreds digit of o?
1
Suppose -5*i = -5*n - 355, 2*n - 170 = -2*i - 36. What is the units digit of (-46)/i*(-2262)/4 - -3?
0
Let r be 3/2*120/36. Suppose 4*j + 2*m - 2 = -0*m, 0 = -r*m - 25. Suppose j*o - a - 487 = -6*a, o - a - 149 = 0. What is the units digit of o?
4
Let b(w) = -w - 9. Suppose y = 5*q + 55, 0*q + 2*q + 45 = 5*y. Let i be b(q). Let x(z) = 130*z - 1. What is the units digit of x(i)?
9
Let z = -174 - -155. What is the tens digit of (0 - (5 + 14))*z?
6
Suppose g + 6 + 20 = 4*m, 5*m = -2*g - 78. Let h = 61 + g. What is the tens digit of h?
2
Suppose -c = 2*n - 15185, -5*n + 57069 + 3686 = 4*c. What is the ten thousands digit of c?
1
Suppose -2*v - 9 = -3*d, d - 3 = -9*v + 7*v. Suppose v*n = n - 800. What is the units digit of n?
0
Let p(u) be the third derivative of 9*u**5/20 - u**4/8 + 17*u**3/3 - 10*u**2. Let s be p(6). Suppose -s - 260 = -8*i. What is the hundreds digit of i?
1
Let d = 7942 + 1610. What is the hundreds digit of d?
5
Let m = -9697 - -9689. Suppose -5*s = -0*b - 4*b - 4350, 2*b + 2186 = -3*s. What is the units digit of (-111)/(-148) + b/m?
7
Suppose 3*w - 22*w = 0. Suppose -2*v = -4, 0 = 3*n - w*n + 3*v - 3210. What is the thousands digit of n?
1
Let b(g) = -451*g - 669. What is the tens digit of b(-23)?
0
What is the ten thousands digit of (-5)/((-60)/(-3247344)*-6)?
4
Suppose -9914 = -4*o + 4*z + 1786, -4*z + 14670 = 5*o. What is the units digit of (87 - 86)/(2/o)?
5
Let t be 3/7 + 10050/21. Let i = -262 + t. Suppose 4*z + i = a, -1139 = 4*a - 9*a + 2*z. What is the units digit of a?
9
Let p(i) = -i**3 + 8*i**2 - 9*i + 17. Let v be p(7). Suppose -g - 5*q = -879, -g - 3499 = -5*g - v*q. What is the tens digit of g?
7
Let n be (-3 + (-24)/(-9))*-3. Let p be 2 + (n + 0)/(1/203). Let z = p + -117. What is the tens digit of z?
8
Suppose -3*b + 35591 + 51220 = 0. Suppose -21*t + b = -2815. What is the tens digit of t?
1
Let d(c) = -1217*c - 212. What is the hundreds digit of d(-8)?
5
Suppose 1999 = -k + 5*c, -3*c + 7*c - 8044 = 4*k. Let b = k + 2820. What is the units digit of b?
6
What is the thousands digit of (-13 - (-6 - 6)) + (-32474)/(-6 - -4)?
6
What is the units digit of 1 + (-54384)/(-11) - (0 + 2/2)?
4
Let b(g) = -972*g**3 + g**2 + 13*g - 13. Let n be b(1). Let x = -364 - n. What is the units digit of x?
7
Let y(r) = -r**3 + 84*r**2 - 84*r - 816. What is the tens digit of y(66)?
4
Suppose -16*x + 9088 + 8864 = 0. What is the hundreds digit of x?
1
Let s(q) = 961*q**2 - 102*q - 465. What is the units digit of s(-7)?
8
Let d be (-11271)/5 - 5*(-8)/(-50). Let p = d + 3404. What is the units digit of p?
9
Let k be 0/(-3) - (9 - 509). What is the tens digit of (204/(-10))/((-40)/k)?
5
Suppose 4*f + 16 = 0, 3*x + 47*f - 46*f - 563 = 0. Let p be 1/((-2)/(-306) + 0). Suppose -p - x = -6*o. What is the units digit of o?
7
Suppose -k + 522 = k. Let y = 3 - 0. Suppose -5*c - 211 = -2*w, 65 + k = y*w + 2*c. What is the tens digit of w?
0
Suppose 4*l = -u - 4*u - 20, 2*u + 5 = -l. Let g = u - 8. What is the units digit of 2/(-3*g/2172)?
1
Let q(c) = -3*c**2 - 5*c - 11. Let o be q(-2). Let u(w) = -56*w - 72. What is the hundreds digit of u(o)?
6
Let v = 862 + -843. Let b = -31 + 72. Let a = v + b. What is the units digit of a?
0
Let t(u) = 18*u**2 - 350*u + 94. What is the hundreds digit of t(25)?
5
Let u be 32/18 - (80/45)/(-8). Suppose u*v - v = -1, -3*v + 827 = 5*h. What is the tens digit of h?
6
What is the hundreds digit of 544 + (2 - 30/5)?
5
Suppose -6*x - 17395 + 149107 = 0. What is the hundreds digit of x?
9
Suppose -3*h - 40 = -5*w, 28 = -4*w - 3*h + 33. Suppose 5*p = 2*o + 2980, p + w*o - 2*o = 579. What is the units digit of p?
4
What is the thousands digit of (-28)/28 + -1 + 5600/2?
2
Let y(x) = 1089*x + 1309. What is the thousands digit of y(6)?
7
Let a(t) = 5*t**2 + 7*t - 12. Let p be ((-17)/(-34))/((-1)/(-16)). What is the units digit of a(p)?
4
Let s(i) = 12*i**2 + 9*i + 12. Let a(t) = -t**2 + t + 1. Let y(w) = a(w) + s(w). What is the tens digit of y(-3)?
8
Let v(w) = 48 + 91*w + 2*w**2 - w**2 - 2*w**2 - 99*w. Let x be v(-12). Suppose 3*d = m + 154, x*d + 4*m - 98 = -2*d. What is the tens digit of d?
5
Suppose 11 = 6*m - 1. Suppose -m*x - 138 - 38 = 0. Let h = x - -214. What is the tens digit of h?
2
Suppose -5*h + 80 = 2*b - 21, -76 = -4*h - 4*b. Let x(v) = -v + 47 + v**2 - 5*v - 7*v - 7*v. What is the tens digit of x(h)?
6
Suppose -22*o - 382200 = -61*o. What is the thousands digit of o?
9
Suppose 2*x - 37368 = -4*v, -2*v + 18704 = -0*v + 6*x. What is the units digit of v?
0
Let v(y) = 263*y**2 + 19*y - 14. Let c be v(-3). Let p = c + -455. What is the hundreds digit of p?
8
Let v(d) = -d**3 + 9*d**2 + 24*d - 15. Let s be v(12). Let c = s + 380. Suppose -2*k + c = 3*g, -61 - 87 = -2*g - k. What is the tens digit of g?
7
Suppose 3*p = 846*c - 849*c + 40305, -80620 = -6*p - 4*c. What is the tens digit of p?
4
Let p = 412 + -55. Suppose 3*q - 6*a = -3*a - 363, 3*a + p = -3*q. Let m = -63 - q. What is the units digit of m?
7
Let n(u) = 2*u**2 - 21*u - 7. Let b be -4 + (1 - (-16)/1) - 2. Let q be n(b). Suppose 455 = q*y - 5. What is the hundreds digit of y?
1
Let b be 1*(0 + 0*(-1)/2). Suppose p + 0*p - 1 = b, 2*q = -2*p + 352. Suppose -2*z - 91 = u - 238, -u = -5*z - q. What is the units digit of u?
5
What is the units digit of (-10 - (-728)/65)*11825?
0
Let n(m) = -m**3 - 5*m**2 + 8. Suppose -34 = 8*p + 38. Let v be -9 + (4/p)/(4/(-18)). What is the hundreds digit of n(v)?
1
What is the tens digit of (-45)/63*(-4)/(-10) + (-2739)/(-7)?
9
Suppose 0 = -29*f + 173091 + 73671 + 116463. What is the units digit of f?
5
Let f be ((3712/12)/16)/(2/33). Suppose -u + f + 103 = 0. What is the hundreds digit of u?
4
Let b = 4897 + 202. What is the units digit of b?
9
Let t(n) be the third derivative of 7*n**4/24 + 4*n**3/3 - n**2. Let k be t(5). Suppose k - 15 = 4*w. What is the units digit of w?
7
Let k = -165 + 212. Let s = k - 43. What is the units digit of s?
4
Let i(h) = -3*h + 2638. Let w(p) = -p + 659. Let g(s) = -2*i(s) + 9*w(s). What is the hundreds digit of g(0)?
6
Suppose 2*u - 10406 = -3*d + 3766, 28344 = 4*u - 3*d. What is the units digit of u?
6
Let z = -2279 + 12921. What is the tens digit of z?
4
Let v(k) = 15*k**2 - 3*k - 4. Suppose -2*u - 1 = 9. What is the tens digit of v(u)?
8
Let v(k) = k**3 - 11*k**2 + 12*k + 13. Let x be v(10). What is the tens digit of 6/x - 0 - 1560/(-11)?
4
Suppose 0 = 28*d - 29*d + 131. Let y be 9*-9 - (-4)/(-2). Let a = d + y. What is the t